6634306.
2, 1133317153
What are the prime factors of 1521552810?
2, 3, 5, 23, 2205149
What are the prime factors of 583441691?
7, 29, 47, 61151
What are the prime factors of 28919355?
3, 5, 1927957
List the prime factors of 295846560.
2, 3, 5, 68483
List the prime factors of 12184295.
5, 2436859
What are the prime factors of 830883198?
2, 3, 821, 168673
List the prime factors of 636701131.
11, 57881921
What are the prime factors of 1572919?
1572919
List the prime factors of 3838336956.
2, 3, 53, 107, 2089
List the prime factors of 1213019899.
7, 13, 13329889
List the prime factors of 107916966.
2, 3, 23, 463, 563
List the prime factors of 1084150031.
877, 1236203
What are the prime factors of 250584845?
5, 7, 17, 113, 3727
List the prime factors of 15127566.
2, 3, 31, 81331
What are the prime factors of 966343772?
2, 59, 4094677
What are the prime factors of 5933753?
7, 83, 1459
What are the prime factors of 3862936?
2, 7, 11, 6271
What are the prime factors of 45544948?
2, 11386237
What are the prime factors of 34778130?
2, 3, 5, 1159271
List the prime factors of 118408958.
2, 127, 269, 1733
What are the prime factors of 164218939?
164218939
List the prime factors of 149311511.
7457, 20023
What are the prime factors of 430886756?
2, 29, 37, 100393
What are the prime factors of 17854975?
5, 714199
What are the prime factors of 137814101?
137814101
What are the prime factors of 1307204845?
5, 19, 41, 109, 3079
What are the prime factors of 254615142?
2, 3, 67, 101, 6271
What are the prime factors of 787339595?
5, 7, 461, 6971
List the prime factors of 5212175.
5, 19, 10973
List the prime factors of 1157558013.
3, 197, 283, 769
List the prime factors of 70439823.
3, 17, 23, 37, 541
What are the prime factors of 3958201177?
7, 113, 257, 19471
List the prime factors of 4807081196.
2, 1201770299
List the prime factors of 290900704.
2, 61, 149027
What are the prime factors of 114969242?
2, 57484621
What are the prime factors of 1351741769?
7, 193105967
List the prime factors of 2354187112.
2, 294273389
What are the prime factors of 176193681?
3, 61, 962807
What are the prime factors of 136077040?
2, 5, 11, 239, 647
List the prime factors of 1241793819.
3, 7, 1381, 2039
What are the prime factors of 560861696?
2, 1095433
What are the prime factors of 412517498?
2, 59, 3495911
List the prime factors of 356853100.
2, 5, 71, 50261
What are the prime factors of 956492565?
3, 5, 7, 691, 13183
What are the prime factors of 180354533?
180354533
What are the prime factors of 2836304054?
2, 83, 17086169
List the prime factors of 45698810.
2, 5, 1367, 3343
List the prime factors of 6979063455.
3, 5, 7, 13, 1704289
List the prime factors of 372339248.
2, 1699, 13697
List the prime factors of 40566831.
3, 83, 197, 827
List the prime factors of 77167641.
3, 17, 1513091
List the prime factors of 1389992925.
3, 5, 23, 277, 2909
What are the prime factors of 163939074?
2, 3, 13, 41, 51263
What are the prime factors of 8098336010?
2, 5, 167, 1667, 2909
List the prime factors of 458650714.
2, 233, 661, 1489
List the prime factors of 391811855.
5, 78362371
List the prime factors of 1753184907.
3, 271, 718813
List the prime factors of 29458830.
2, 3, 5, 981961
What are the prime factors of 467203948?
2, 116800987
List the prime factors of 127138142.
2, 37, 1718083
List the prime factors of 42248399.
42248399
List the prime factors of 593672240.
2, 5, 7, 269, 563
List the prime factors of 3482432621.
41, 2027, 41903
What are the prime factors of 201564858?
2, 3, 11, 47, 181, 359
What are the prime factors of 93842436?
2, 3, 53, 147551
List the prime factors of 32278077.
3, 13, 275881
List the prime factors of 290450673.
3, 32272297
List the prime factors of 89249364.
2, 3, 275461
List the prime factors of 657463151.
17, 2274959
What are the prime factors of 573797135?
5, 31, 3701917
What are the prime factors of 924604804?
2, 11923, 19387
What are the prime factors of 1890657857?
11, 37, 491, 9461
List the prime factors of 936616378.
2, 5851, 80039
List the prime factors of 139279713.
3, 3571, 13001
List the prime factors of 1397019068.
2, 14879, 23473
What are the prime factors of 85067978?
2, 19, 2238631
List the prime factors of 40550147.
11, 79, 46663
What are the prime factors of 2453257565?
5, 11, 139, 223, 1439
What are the prime factors of 964835807?
13, 157, 3011
List the prime factors of 474493840.
2, 5, 19, 487, 641
What are the prime factors of 176123336?
2, 22015417
List the prime factors of 654126736.
2, 4931, 8291
What are the prime factors of 1714724146?
2, 1031, 831583
List the prime factors of 4534478140.
2, 5, 43, 5272649
List the prime factors of 50673932.
2, 12668483
What are the prime factors of 801471797?
7, 43, 2662697
What are the prime factors of 231601321?
7, 163, 202981
What are the prime factors of 5144902352?
2, 31, 10372787
What are the prime factors of 4825570010?
2, 5, 353, 1367017
List the prime factors of 48111433.
37, 1300309
What are the prime factors of 60662257?
31, 1956847
What are the prime factors of 99716721?
3, 13, 2556839
What are the prime factors of 125308390?
2, 5, 1667, 7517
List the prime factors of 1383955327.
7057, 196111
List the prime factors of 54577028.
2, 11, 1240387
What are the prime factors of 270355660?
2, 5, 61, 221603
What are the prime factors of 1899230?
2, 5, 257, 739
List the prime factors of 16172759.
16172759
What are the prime factors of 108919787?
1117, 97511
List the prime factors of 297414491.
11, 2457971
What are the prime factors of 560629729?
11, 50966339
What are the prime factors of 785993351?
11, 13, 17, 29, 11149
What are the prime factors of 6209981?
17, 365293
List the prime factors of 1003346566.
2, 19, 59, 421, 1063
List the prime factors of 2815557953.
13, 227, 954103
List the prime factors of 690993988.
2, 2633, 65609
What are the prime factors of 63524127?
3, 131, 161639
What are the prime factors of 19916016?
2, 3, 83, 4999
What are the prime factors of 516610411?
151, 809, 4229
What are the prime factors of 121818912?
2, 3, 1268947
List the prime factors of 316135172.
2, 137, 576889
List the prime factors of 15349296.
2, 3, 89, 3593
What are the prime factors of 1573156434?
2, 3, 13513, 19403
What are the prime factors of 3310110244?
2, 7, 43, 179, 15359
What are the prime factors of 325187567?
325187567
What are the prime factors of 119010350?
2, 5, 2380207
What are the prime factors of 3361623146?
2, 7, 17, 19, 6247
List the prime factors of 38620549.
11, 17, 206527
What are the prime factors of 53822814?
2, 3, 827, 10847
List the prime factors of 87857798.
2, 7, 6275557
What are the prime factors of 37465260?
2, 3, 5, 7, 89203
What are the prime factors of 718837147?
7, 23, 37, 120671
List the prime factors of 68577042.
2, 3, 19, 47, 12799
What are the prime factors of 15952950?
2, 3, 5, 13, 101
List the prime factors of 97487248.
2, 17, 23, 15583
What are the prime factors of 1133161348?
2, 11, 653, 39439
List the prime factors of 6687180069.
3, 47, 431, 110039
What are the prime factors of 19098355?
5, 3819671
List the prime factors of 336812117.
31, 10864907
What are the prime factors of 2268341149?
2339, 969791
What are the prime factors of 3114189?
3, 13, 43, 619
What are the prime factors of 109241690?
2, 5, 2647, 4127
List the prime factors of 27960742.
2, 19, 735809
List the prime factors of 1548451587.
3, 79, 1657, 3943
List the prime factors of 44469503.
13, 1223, 2797
What are the prime factors of 11773335?
3, 5, 7, 31, 3617
List the prime factors of 1490492871.
3, 7, 53, 446389
What are the prime factors of 389412555?
3, 5, 7, 529813
What are the prime factors of 5342932683?
3, 11, 23, 71, 33049
List the prime factors of 5672674679.
7, 41, 2823631
What are the prime factors of 61590747?
3, 1427, 14387
What are the prime factors of 626523254?
2, 7, 47, 952163
What are the prime factors of 801716088?
2, 3, 251, 133087
What are the prime factors of 1079712313?
17, 457, 138977
What are the prime factors of 704791?
89, 7919
What are the prime factors of 103717686?
2, 3, 1187, 14563
What are the prime factors of 3243144634?
2, 1621572317
List the prime factors of 3270191109.
3, 1090063703
What are the prime factors of 132438693?
3, 44146231
List the prime factors of 452